t u be w/33 + 2/(-11). Suppose 0 = -2*k + u*v + 98, 2*k - 5*v = -2*v + 90. List the prime factors of k.
3, 13
Suppose 5*r = 6*r - 5. Suppose 0 = x + 4*h - 27, 2*x - 5*h = r*x - 116. Suppose -2*f = o - 19, o + x = 4*o + f. List the prime factors of o.
3, 5
Suppose -n + 58 = -3*n. Let s = 56 + n. What are the prime factors of s?
3
Suppose 56*q = 26*q + 48180. List the prime factors of q.
2, 11, 73
What are the prime factors of 4479047/707 + (-2)/7?
5, 7, 181
Let v(t) = t**3 - 5*t**2 + t - 4. Let d be v(5). Let y = d - -15. What are the prime factors of y?
2
Suppose -4*v - 2*k = -6*v + 16, 0 = 3*v - 5*k - 34. What are the prime factors of 89 + -4 - v - -3?
5, 17
Let k(s) = -s**3 + 18*s**2 - 23*s - 28. Suppose 0 = -3*q + w + 44, 0*q + q = -w + 20. List the prime factors of k(q).
2, 29
Let z = -2703 + 6267. What are the prime factors of z?
2, 3, 11
Let d = 454 - -1011. List the prime factors of d.
5, 293
Suppose -5*d + 11 = -m - m, m - 3*d = -7. Let l(q) = -q + 0*q + 2*q**2 - 3 + 4*q**2. What are the prime factors of l(m)?
19
Suppose -c + k - 5*k + 22 = 0, 56 = 2*c + 4*k. List the prime factors of (-18 - -7)/((-2)/c).
11, 17
Let m(y) = -y**2 + 7*y + 3. Let z be ((-6)/(-12))/(2/28). Let w be m(z). Suppose 3*j - w*f - 93 = -0*j, -f = -2*j + 64. List the prime factors of j.
3, 11
Let d = 31 - 21. Let v be 4 + -2 + -2 - 2. Let l = d + v. What are the prime factors of l?
2
Suppose 5610 = 24*c - 2*c. What are the prime factors of c?
3, 5, 17
Let k(r) = r**3 - 5*r**2 - 3*r - 6. Suppose 6*v - 32 = 4*v. Let s = -10 + v. List the prime factors of k(s).
2, 3
Let u = 4290 - 2820. What are the prime factors of u?
2, 3, 5, 7
Let l = -660 - -866. What are the prime factors of l?
2, 103
Let j = 97 + -248. Let d = -142 - j. List the prime factors of d.
3
Let a = 17 + -12. Let u be -28 - 2*(a - 4). Let z = -19 - u. What are the prime factors of z?
11
Let j(f) = f**2 + 5*f - 2. Let b(p) = -p**2 - 10*p + 5. Let q be b(-11). Let h be j(q). Let r(w) = w**3 - w**2 - 2*w - 5. List the prime factors of r(h).
5, 7
Let u(g) = -g**3 - 4*g**2 - 4*g + 1. Let l be u(-3). Let q(a) = 39 + 3*a**2 - 39 - 2*a - 2*a. List the prime factors of q(l).
2
Let x be (3*-1)/(24/(-16)). What are the prime factors of 20 + (-21)/9 + x/6?
2, 3
What are the prime factors of (-20952)/144*76/(-6)?
19, 97
What are the prime factors of 50*(3801/126 + (-2)/3)?
5, 59
What are the prime factors of (9 - 5) + (5 + 1917 - 4)?
2, 31
Suppose 7*g - 3*g + 16 = 0, 0 = 2*n + 5*g - 506. What are the prime factors of n?
263
Let t = -7 + -1. Let m = t - -10. What are the prime factors of (-9 + m)/(6/(-12))?
2, 7
Let u(f) = f**2 - f - 5. Let m be u(3). Let i be 2/(m + (-3 - -3)). Suppose -3*d + 71 = i*c, c = d + d - 38. What are the prime factors of d?
3, 7
Let s = 107 + -119. Let a(t) = -8*t + 69. What are the prime factors of a(s)?
3, 5, 11
Let q = 42 - 22. Suppose -18*u - 38 = -q*u. What are the prime factors of u?
19
Let r = -75 + 182. List the prime factors of r.
107
List the prime factors of -2 + 10 + -4 + 1400.
2, 3, 13
Let v(h) = 120*h**2 + h + 3. Let g be v(-2). Suppose 0 = -4*m - 5*n + g, -2*n = -5 + 3. What are the prime factors of m?
7, 17
Let h(u) = 6 - 300*u + 5 - 7. List the prime factors of h(-1).
2, 19
Suppose -45*a + 29*a + 9728 = 0. List the prime factors of a.
2, 19
Let b(g) = -3 - 9 + 3 - 2*g + 3. Let x(t) = -1. Let n(a) = -b(a) + 3*x(a). What are the prime factors of n(4)?
11
Let k(a) = 2*a - 3. Let p be k(2). Let h be p/(-2)*(9 - 13). List the prime factors of 34 + 0/1 + h.
2, 3
Let l = 13 + 128. List the prime factors of l.
3, 47
Let k = 449 + 802. What are the prime factors of k?
3, 139
Suppose 3*a + 5*h - 1047 = -293, h = -4*a + 994. Suppose 402 = 5*z - a. What are the prime factors of z?
2, 5, 13
Let q(s) be the first derivative of -s**4/4 - 4*s**3 + 11*s**2/2 - 16*s - 6. Let w be q(-13). Let g(z) = 9*z - 24. List the prime factors of g(w).
2, 3, 11
Let w(c) = -c**3 + 22*c**2 - c - 13. What are the prime factors of w(14)?
23, 67
Suppose -z = -4*z + 36. Let v = z + -11. Let c = v + 21. List the prime factors of c.
2, 11
Let s(h) = -4 + 13 - 3*h + h. List the prime factors of s(-9).
3
Suppose 7*i = 3*i. Suppose -v - 679 = -3*z - i*v, 2*z + 4*v = 434. List the prime factors of z.
3, 5
Let d(q) = -q**2 + 8*q + 9. Let b be d(7). Let n be 3/9*(1 - b). Let a(m) = -m**3 - 4*m**2 + m + 3. List the prime factors of a(n).
23
List the prime factors of 0/(-44) + 1*1667 + -1.
2, 7, 17
Suppose -2*u = -5*i + 51, 6*u + 3*i + 37 = 2*u. Let a(y) = 26*y + 2. Let k be a(1). Let s = k + u. List the prime factors of s.
3, 5
Let c be -1 + 5*(-8)/(-10). Suppose -4*x + 4*u = -260, c*x + u = -u + 205. List the prime factors of x.
67
List the prime factors of 2218 - (11 + 24/(-8)).
2, 5, 13, 17
Let q(k) = 8*k**2 - 10*k - 14. Let c(a) = -17*a**2 + 21*a + 27. Let x(i) = 2*c(i) + 5*q(i). What are the prime factors of x(-4)?
2, 7
Suppose -215*j - 2480 = -217*j. List the prime factors of j.
2, 5, 31
Suppose 5*z + 4*m - 45 = 0, 2*z + m + 2*m = 25. Suppose -r + 60 = -z*r. Let i = -5 - r. What are the prime factors of i?
2, 5
Let c(w) = -w**3 - 3*w**2 + 2*w + 4. Let q = -19 + 12. What are the prime factors of c(q)?
2, 3, 31
Let v(i) = 12*i**2 - 4*i + 1. Let n be v(-3). Let y be n/5 - (-36)/45. What are the prime factors of 5/y + 768/10?
7, 11
Let d(i) = 6*i**2 - i - 1. Let g be d(-1). Let s = 9 - g. What are the prime factors of s?
3
Suppose k - 3*y - 376 = 0, -4*k - 6*y + 10*y = -1488. List the prime factors of k.
2, 5, 37
Let w = 83 + -50. Let f = w + -9. List the prime factors of f.
2, 3
Let m(u) = 252*u + 56. What are the prime factors of m(2)?
2, 5, 7
Let r = 3943 - -5. List the prime factors of r.
2, 3, 7, 47
Let y(x) = -x**2 + 4*x. Let o be y(5). Let f(w) = -31 + 4*w + 3*w**2 + 42 - 14. What are the prime factors of f(o)?
2, 13
Let i(v) = v**3 + 7*v**2 - 7*v - 20. Let q be i(-8). Let a = q + 33. What are the prime factors of a?
5
Suppose -1065 = -5*u - 10*h + 5*h, 0 = 2*u + h - 425. Suppose 5*n + 12 = u. List the prime factors of n.
2, 5
List the prime factors of (5 - (-2 - -2)) + 404 + -22.
3, 43
Suppose 0 = 2*a - 0 - 10. Suppose -3*b = -12, 3*x - a*b + 6 = -17. List the prime factors of (x*1)/(8/(-208)).
2, 13
Let b(y) = -4*y - 2. Let c = -8 - -3. Let k be b(c). Let i = 38 - k. List the prime factors of i.
2, 5
Suppose 5*p - 10 = 0, -6*p = 3*v - 5*p - 632. Suppose 0 = -m + 3*a - 33 + v, 664 = 4*m - a. What are the prime factors of m?
3, 5, 11
Let a = 112 + -54. Suppose -4*f = 110 + a. Let l = 78 + f. List the prime factors of l.
2, 3
Let v be ((-2)/5)/((-1)/5). Suppose -g - 3*a - 8 = 0, v*g - 7*g - 5*a = 0. Suppose g*z - 4*l - 20 - 84 = 0, -5*l = 3*z - 70. List the prime factors of z.
5
Let j(z) = 6*z**2 + 16*z - 55. What are the prime factors of j(-26)?
3, 5, 239
Let c = -200 + 323. Suppose -5*d + 167 = -c. What are the prime factors of d?
2, 29
Suppose 0 = -45*z + 16703 - 4508. List the prime factors of z.
271
Let r be 20/8*36/30. Let c be ((-6)/(-2) - 1)/(-1). List the prime factors of c/((-4)/46) + r.
2, 13
Let d(l) = 180*l**2 + 2*l + 2. Let n be d(-1). Suppose 0 = 2*o + 3*o - n. What are the prime factors of o?
2, 3
Suppose -y - 7 = 4*o + 3, -4*y = o + 10. Let n be -1 + 5 + 2/o. List the prime factors of n - (-11 + (-3)/3).
3, 5
Let h = 136 - -1159. List the prime factors of h.
5, 7, 37
Let d = -92 - -79. Let h(b) = b**3 + 16*b**2 + 17*b - 30. List the prime factors of h(d).
2
Let d = -473 - -5163. What are the prime factors of d?
2, 5, 7, 67
Suppose w = 15*a - 10*a - 4830, 0 = w. What are the prime factors of a?
2, 3, 7, 23
What are the prime factors of (1 - 1) + (-11)/(55/(-710))?
2, 71
Let a = -470 - -659. List the prime factors of a.
3, 7
Suppose -2*v - h = -6*v + 19, 4*v - 2*h = 22. What are the prime factors of (3 - 0)/((-93)/(-23) - v)?
3, 23
Let g = -378 + 562. Suppose 4*p = 12*p - g. What are the prime factors of p?
23
Let j(k) = 17*k + 308. What are the prime factors of j(13)?
23
Let f be 123*(-1 - (-4 - -2)). Let c be f/(-2 + 9/3). Suppose -4*u + c = -0*y + 5*y, -3*y - 35 = -u. List the prime factors of u.
2
Suppose -3*o + 90 = 3*w, -2*o - 146 = -5*w - 3*o. Suppose -a - 2*t = -0*t - w, 5*t = 5. Suppose 2*f = 53 + a. List the prime factors of f.
2, 5
What are the prime factors of ((-3445960)/75)/(